the prime factors of x?
2, 109
What are the prime factors of (-227 + 160)/((-2)/838)?
67, 419
Suppose 1331*r = 1487*r - 4486404. List the prime factors of r.
28759
Let r = -198 - -179. Let l = r - -487. What are the prime factors of l?
2, 3, 13
Let c = 104 - 104. Suppose c = 6*z - 3*z + 2*p - 333, 0 = 5*p + 15. What are the prime factors of z?
113
Suppose -251326 = -0*n - 47*n - 59*n. List the prime factors of n.
2371
What are the prime factors of -19 + 10947 - (-3 - 11)?
2, 5471
Let r(d) = -3*d**3 + 44*d**2 - 7*d - 17. Let z(a) = 13*a**3 - 178*a**2 + 28*a + 67. Let w(n) = -9*r(n) - 2*z(n). List the prime factors of w(40).
13, 23
Let f(d) = d**2 - 17*d + 2. Let l be f(17). Let o be 8 - 5 - 2*l. Let t = o + 53. List the prime factors of t.
2, 13
Suppose 0 = -3*x - 84 + 9. Let y(c) = 2*c**2 + 17*c - 61. Let s be y(x). Suppose 9*r - s = 505. What are the prime factors of r?
3, 47
Suppose -u + 10903 = 2*j + 698, 2*u + 6 = 0. List the prime factors of j.
2, 11, 29
Suppose 215209 = 4*g - 5*c, -98*c + 94*c = -12. List the prime factors of g.
2, 26903
Let i be ((-198)/24*-2)/((-1)/(-10)). Let w = i - 29. Suppose -w = -4*q + 2*m, q + 4*m + 48 = 2*q. What are the prime factors of q?
2
Suppose 2*l - 37 + 29 = 0. Suppose 2*c = l*f - f - 560, -f + 215 = 5*c. What are the prime factors of f?
2, 5, 19
What are the prime factors of (-1006110)/(-77) - (-156)/(-429)?
2, 47, 139
Let q(i) = 2*i**2 + 5*i + 163. Let u(o) = -5*o**2 - 11*o - 326. Let t(y) = -7*q(y) - 3*u(y). What are the prime factors of t(-14)?
61
Suppose -87*u + 930648 - 543224 + 1448972 = 0. List the prime factors of u.
2, 3, 1759
Suppose 0 = 4*c + 2*z - 14 + 12, 4*c - 5 = -z. Suppose 5*l - 3423 = y, -2*l + 0*y + 1374 = -c*y. What are the prime factors of l?
2, 3, 19
Let k = 204 + -104. Let p = -58 + k. Let v = p - -21. List the prime factors of v.
3, 7
Suppose 81 = -12*v + 285. Suppose 7 + v = 8*p. Suppose p*i + g = 562, -3*i + 158 = -4*g - 384. What are the prime factors of i?
2, 3, 31
Let w be (28/6)/((-3)/9). Let l = 130 - w. Let j = l - 26. What are the prime factors of j?
2, 59
Suppose 3 = 7*v - 11. Suppose d - 5 = -4*c + 9, v*d - 4 = 0. Suppose 1013 = 5*k + 2*z - c*z, -z = 5*k - 1007. What are the prime factors of k?
2, 101
Suppose -4*n + 5*b = -36, -2*n - 2*b = -7*b - 28. Suppose n*f - 13 = -5. Suppose -12 = -w + 3*y, f*y = -3*w + 3*y + 28. List the prime factors of w.
3
Suppose 2*c + 66 = 3*x - 4, 154 = -5*c - 3*x. Let u(m) = -5*m - 117. List the prime factors of u(c).
43
Let u = 73592 + -39474. What are the prime factors of u?
2, 7, 2437
Suppose -3*o = -52 + 64. List the prime factors of ((-53)/o)/((-24)/(-288)).
3, 53
Suppose -1056 = -4*x - 2*y, 3*y = 5*x - 8*x + 798. Suppose r + 3*r = w - x, 5*w - 1405 = r. What are the prime factors of w?
2, 3, 47
Let r = -202 + 202. Suppose 2*i - 5*z - 1450 = 0, 4*z + r*z - 2956 = -4*i. List the prime factors of i.
3, 5, 7
Let l(n) = -4*n**3 - 7*n**2 + 10*n + 4. Let w(s) = -6*s + 48. Let c be w(9). List the prime factors of l(c).
2, 139
Suppose -4144*p - 1357304 = -4196*p. What are the prime factors of p?
2, 31, 421
Let i(t) = -t**2 - 8*t + 22. Let w be i(-10). Suppose -5*c - 13 = 2*p, -5 = w*p + c - 4*c. List the prime factors of -165*(-12)/15*(-3 - p).
2, 3, 11
Let m(j) = -j**3 - 8*j + 8. Let h be m(1). List the prime factors of (1*(-25)/10)/(h/258).
3, 5, 43
Suppose -v = -x + 9501, 0 = -5*x + 4*v + 2490 + 45023. List the prime factors of x.
37, 257
Let d be 6/((-3)/36*16/6). Let i be 4/(-6)*d/(-9) - 112. Let y = i - -281. List the prime factors of y.
167
Let d be 6/9*9/(-6). Let s(o) = 63*o**2 - 1. Let j be s(d). Suppose -j = -y + 16. What are the prime factors of y?
2, 3, 13
List the prime factors of (-94735312)/(-4200) + (-26)/975.
2, 5639
Suppose -47*q = -48*q - 5. Let o be q/(-4 - 1)*71. Let v = 75 - o. What are the prime factors of v?
2
Let o = -17599 + 30309. What are the prime factors of o?
2, 5, 31, 41
Suppose -133*c = -261*c + 2194944. List the prime factors of c.
2, 3, 1429
Let s be 1092/224 - (-2)/16. Let a(t) = 14*t**2 + 4*t - 17. List the prime factors of a(s).
353
Let h be (-4)/(-8)*(-1 - -1). Suppose 8*n + h*n = -16. List the prime factors of -4 + 166/(-4)*n.
79
Let f(w) = -w**3 + 3*w**2 - w + 1. Let s be f(-3). Let y = 142 - s. What are the prime factors of y?
2, 3, 7
Let y = -11441 - -19294. List the prime factors of y.
7853
Let z = 18930 - 11414. What are the prime factors of z?
2, 1879
Suppose 2*j = v - 4921, -14*v + 16*v - 9860 = -5*j. What are the prime factors of v?
5, 197
Suppose 2*x - 4456 = 82*k - 92*k, -4*x - 2*k + 8894 = 0. What are the prime factors of x?
3, 13, 19
Let s(x) = x**3 - 9*x**2 + 8*x + 4. Let j be s(8). Suppose -d = c + j*d - 45, 0 = 5*c + 4*d - 183. List the prime factors of (-1)/(-5) + 3948/c.
113
Let j = -655 + 656. What are the prime factors of -1 - (j + -7) - 100270/(-74)?
2, 5, 17
What are the prime factors of 7 - ((-197219)/10 - 7/70)?
109, 181
Suppose -6*v + 258 = -2190. Suppose 0 = -i + 4*z - 0*z + 78, 5*i = 2*z + v. Let x = 249 - i. List the prime factors of x.
167
Suppose -7*a = -2*a - 25. Suppose -11*j + 61 + a = 0. What are the prime factors of j?
2, 3
Let s(r) = -15*r + 6. Let z be s(-4). Suppose -z + 180 = -6*g. What are the prime factors of (g + 4)*-6 + 4?
2, 47
Suppose -6*v = -39 - 45. Let s = -11 + v. Suppose s*n + 4*d - 188 = 0, 3*n - 2*n = 4*d + 52. What are the prime factors of n?
2, 3, 5
Let u = 28 + -23. Let b be 36*-2*u/(-30). Suppose -245 = -b*g + 7*g. What are the prime factors of g?
7
Suppose n + 14*l - 6456 = 17*l, -3*n + 4*l = -19388. List the prime factors of n.
2, 3, 7, 11
Let l be (-84)/(-24)*(12 + 0). Suppose -l*t + 47*t = 465. List the prime factors of t.
3, 31
Suppose -45*t + 892025 = -1293040. List the prime factors of t.
59, 823
Let d = 6757 + 964. List the prime factors of d.
7, 1103
List the prime factors of ((-189449)/26)/13*(-24)/1.
2, 3, 19, 59
Let p(x) = -x**3 + 20*x**2 - 19*x - 2. Let n be p(19). Let y(a) = -264*a + 14. List the prime factors of y(n).
2, 271
Suppose -5*t - 8*t + 33*t = 299040. What are the prime factors of t?
2, 3, 7, 89
Let g be (-36)/(-162) - (-18824)/18. Suppose -g - 278 = 4*z. Let v = z + 470. What are the prime factors of v?
139
Suppose 50790 = 10*w + 9460. Suppose 5*c = 4*v + w, 5*v - 7*v - 2481 = -3*c. What are the prime factors of c?
829
List the prime factors of (3 - 10) + 6 - (-10 - -2) - -6072.
6079
Let w = -5145 + 9864. List the prime factors of w.
3, 11, 13
Suppose 4*d - 36 = 4*y, 2*d - d - 4 = -4*y. Let z(f) = -4*f**3 + 149*f**2 - 37*f - 5. Let m be z(37). List the prime factors of (118/m)/(d/(-20)).
59
Let h be 2172/9*6/(-4). Let k = h - -547. What are the prime factors of k?
5, 37
Suppose 0 = -x + 24*x + 20756 - 496235. What are the prime factors of x?
3, 2297
Suppose -35*q + 43*q = 8344. Let b = 1889 - q. What are the prime factors of b?
2, 3, 47
List the prime factors of -1*(-9)/12 + (-237286)/(-56).
2, 13, 163
Let q be (0/9)/(-2 - 0). Let w(y) = -y**3 + y**2 - 2*y + 5. Let k be w(q). Suppose -420 = -k*r + 385. List the prime factors of r.
7, 23
Suppose 0 = 2*v + 389*f - 394*f - 14856, -3*f + 24 = 0. What are the prime factors of v?
2, 7, 19
Let b = -614 + -78. Let i = -454 - b. Suppose -i - 632 = -10*d. List the prime factors of d.
3, 29
Suppose -2*j = 3*w - 51727, 5*j + 53*w = 51*w + 129345. List the prime factors of j.
41, 631
Suppose 3*a - 2*y - 4763 = 0, -223 = -3*a + 4*y + 4542. What are the prime factors of a?
3, 23
Let c(g) = g - 123. Let p(l) = -1. Let m(n) = -2*n - 31. Let b be m(-18). Let z(r) = b*p(r) - c(r). What are the prime factors of z(0)?
2, 59
Suppose 68348 = -15*d + 211913. Suppose 18*l - d = l. What are the prime factors of l?
563
Let u be (-1)/(-4 + (-81)/(-21)). Let g(q) = 13 + 11*q**2 + u*q + 4 - q**3 - 1. What are the prime factors of g(11)?
3, 31
Suppose -34*w + 945 = -19*w. List the prime factors of 28/w - ((-7025)/9 + 1).
2, 3, 5, 13
Let s = 103 - -382. Suppose 2*l + 485 = 6*t - t, -5*t + 3*l = -s. List the prime factors of t.
97
Let i(h) = h**2 + 10*h - 51. Let m be i(-14). Suppose 4*f + f = -4*n + 535, -m*f = -2*n + 305. What are the prime factors of n?
2, 5, 7
Let m = 737 + -737. Suppose -4*a + 1202 = -z + 83, m = 3*a - 5*z - 818. List the prime factors of a.
281
Suppose -9*b + 2*y + 229591 = -4